at is the tens digit of 3 - (-441)/6 - 1/i?
7
Let l(s) = s**3 + 10*s**2 - 5*s + 62. What is the thousands digit of l(19)?
0
Let s = -1999 - -1364. Let z = 1277 + s. What is the hundreds digit of z?
6
Let n be (324/(-189))/((-2)/42) + -4. Suppose 2142 = n*z - 23*z. What is the units digit of z?
8
Suppose 3562 = 7*v - 1324. Let u = v - 149. What is the tens digit of u?
4
Let a be (-3)/(-3)*-58 + -4. Let l = a - -3. What is the tens digit of (5 - 7) + (0 + -3)*l?
7
What is the thousands digit of (64/(-96))/(-1 - (-31413)/31419)?
3
Let j be 3/4 + (-6)/(-24). Let i be 28/4 + (-3)/j. Suppose 58 = 3*u + n, 0*n + 74 = i*u + 3*n. What is the tens digit of u?
2
Suppose -o + 1 = 0, -123 = t - 3*o - 284. What is the hundreds digit of t?
1
Let x(p) = -3102*p + 116. What is the hundreds digit of x(-8)?
9
Let n = 11730 + -3857. What is the units digit of n?
3
Suppose 5*g = -125*n + 126*n - 4313, -3*g + 17390 = 4*n. What is the tens digit of n?
4
Let a(o) = o**2 + 5*o - 26. Let b be a(-6). What is the units digit of (b/35)/((-6)/8253)?
6
Let a = -81 + 199. Let u = a - 29. Let m = u + 38. What is the hundreds digit of m?
1
Let p(m) = -5*m - 45. Let f be p(-10). Suppose f*v + a + 115 = 0, -8*v + 3*v - 2*a = 110. Let t = v - -149. What is the tens digit of t?
2
Let t(s) = -29*s**3 + 5*s**2 + 6*s + 3. Let g be 4/(-30) - (2 - (-8)/(-60)). What is the hundreds digit of t(g)?
2
Let y = 76891 - 33922. What is the hundreds digit of y?
9
Let y(f) = 3*f**2 + 8*f - 19. Let c be y(7). Suppose v - 75 - c = 0. Let i = v - 142. What is the hundreds digit of i?
1
Let a be 10/(-15) - (485/15 + -5). What is the hundreds digit of (-10)/4 - 10570/a?
3
What is the thousands digit of 925768/485 - (-6)/45*-6?
1
Let p be 20/(-6)*3*-1. Let z = -22221 - -22236. What is the tens digit of 646/p - z/25?
6
Suppose 37*y - 57 = 239. Suppose 3199 = y*b - 2737. What is the tens digit of b?
4
Suppose -5*c - 4*a = -298567, -a = -45*c + 37*c + 477685. What is the tens digit of c?
1
Suppose 0 = -4*u + 4*b + 4704 + 10380, 0 = 4*u - 2*b - 15082. What is the hundreds digit of u?
7
Suppose 0 = -10*r - 68 + 28. Let o be ((-642)/r)/((99/84)/(-11)). What is the tens digit of 1/((-8)/o) - 5/20?
8
Suppose 0 = 3*w + 19*w - 22044. Let d = w + -418. What is the units digit of d?
4
Let m(q) = q - 16. Let u be m(14). Let h be 6*((-3)/(-45) - u/(-5)). Let r = 48 - h. What is the tens digit of r?
5
Let y be 17/7 - 48/(-84). Suppose 2*h + 2*s - 3 = y, 0 = -s. Suppose h*i - 120 + 12 = 0. What is the units digit of i?
6
Let n be (1/(-3))/((-2)/90). Let c be 1/(-1) - (n - 16). Suppose c = 3*w + t - 184, -4*w + 5*t - 113 = -390. What is the units digit of w?
3
Let k(l) = 10*l + 169. Let s be k(-24). Let w = 293 + s. What is the hundreds digit of w?
2
Let g(l) = 34*l**2 - 188*l + 23. What is the tens digit of g(-16)?
3
Let o(v) = -v**2 + 4*v + 7. Let i be o(5). Let z = -14006 + 14131. Suppose 0 = 4*d + 3*f - 1204, -2*d + i*f = -713 + z. What is the units digit of d?
8
Let f(k) = -k**2 + 9*k + 38. Let s be f(12). Suppose -3*y - 2 = 4*b - 7, -s*b + 4 = 2*y. Suppose 13*u = y*u + 2490. What is the hundreds digit of u?
2
Let g be ((-2)/(-1) - 7)*(-482)/5. Let u = g + 472. What is the tens digit of u?
5
Let a = 358 + -191. Let w = 230 - a. What is the tens digit of w?
6
Suppose 34503 = 9*g + 9924. Suppose 3*p + 5*l - 2031 = 3*l, 4*p = 5*l + g. What is the units digit of p?
9
Suppose 4*k = 3*g + 5, k + 0*k + 10 = 3*g. Suppose -10 = -3*n + 14. Suppose -n*d + 793 = g*d. What is the units digit of d?
1
What is the tens digit of (-35)/7 + 3331 - (-3 - 0)?
2
Let s(i) = i**3 + 4*i**2 - 6*i - 5. Let z = 23 - 28. Let j be s(z). Suppose j = -4*a + 82 + 198. What is the units digit of a?
0
Let o(h) = -6*h - 22. Let y be o(-9). Let n = y - 27. Suppose -n*r = -71 - 979. What is the hundreds digit of r?
2
Suppose 11*f + 18 = -7*f. Let c(t) = 341*t**2 + 1. What is the hundreds digit of c(f)?
3
Suppose i = -2*m + 30, 11*i - 5*m = 8*i + 123. What is the tens digit of 16/i + 653/9?
7
Let h(o) = 2*o**2 + 3*o - 6. Let s be h(2). Suppose -s*j - 480 = 8*j. What is the units digit of (-612)/j*(-60)/(-8)?
3
Let h(n) = 4*n**2 + 281*n - 134. What is the thousands digit of h(47)?
1
Let i(z) = -83*z + 3. Let p be i(-3). Suppose -p = -n - 3*g + 329, g = -2*n + 1172. What is the tens digit of n?
8
Suppose 13*i - 3*c + 21070 = 15*i, -2*c - 42108 = -4*i. What is the units digit of i?
9
Suppose 8*v - 4*v = 12. Suppose 0 = -v*u + 4*h + 118, -4*h + 68 = 2*u - 24. Suppose 0 = -5*i + 323 + u. What is the units digit of i?
3
Let u = 42162 - 23367. Suppose u = 11*c + 1129. What is the hundreds digit of c?
6
Let i be -1*-4*(-2)/20*-10. Suppose -10*z + 6*z + 20 = i*n, 0 = -4*n + 3*z + 13. Suppose -5*x + 1310 = n*l - 3*l, l = -5. What is the units digit of x?
3
Let c be 491 + (-1)/(1/4). Let l = 802 - c. What is the tens digit of l?
1
Let o = -2030 + 3600. Let q = -74 + o. What is the tens digit of q?
9
Suppose -25*q + 12042 = -24*q - 4*r, -5*q - 3*r = -60187. What is the hundreds digit of q?
0
Suppose 4*j - 5*h - 35 = 0, 3*j = -2*h + 7 + 2. Suppose -3*n - 172 = -j*n. Suppose -a = -12 - n. What is the tens digit of a?
9
Suppose -477*j + 951966 = -188*j. What is the thousands digit of j?
3
Suppose -1688 = 3*s - 11*s. Suppose -d - 87 = 22. Let z = s + d. What is the tens digit of z?
0
Let p = -35785 - -61855. What is the units digit of p?
0
Let z(s) = 228*s**2 + 38*s + 85. What is the tens digit of z(-2)?
2
Let g(c) = 154*c**3 - 19*c**2 + 71*c - 27. What is the units digit of g(8)?
3
Suppose 0 = -2*p - m + 206 + 36, 0 = 3*m + 12. Let a = p + 29. What is the tens digit of a?
5
Let v = 79 - -1203. What is the hundreds digit of v?
2
Let a(y) = -y**3 - 7*y**2 - 5*y + 1. Let o be a(-4). Let x = 4944 - 5009. Let w = o - x. What is the tens digit of w?
3
Let i(b) = b + 35. Let s be i(-12). Suppose 29*d = s*d + 1416. What is the hundreds digit of d?
2
Suppose -267 = -s + d, -14 = 3*s + 3*d - 839. Suppose 0 = -s*x + 263*x + 2336. What is the units digit of x?
2
Let h(m) = 4*m**3 - 4*m + 8. Suppose -6 = -7*w + 5*w. Let v be h(w). Suppose j = -j + v. What is the units digit of j?
2
Suppose 16*m + 3 = 19*m, 3*i + 4*m = 16. Suppose 3*o + 96 = -p + 895, -i*o + 5*p = -1040. What is the hundreds digit of o?
2
Let s = -7567 - -14117. What is the units digit of s?
0
Let w = -3174 - -4638. Suppose -p - 2172 = -2*k, 2*k + 4*p - w = 708. What is the hundreds digit of k?
0
Suppose 3*v - 4 = -v. Suppose 16*i - 1532 = -1484. What is the tens digit of (-4 + 97)*v - i?
9
Let h(c) = c**3 - 22*c**2 + 39*c - 42. Let k = -96 - -119. What is the thousands digit of h(k)?
1
Let t(b) = -89*b**3 + 7*b**2 + 2*b - 9. Let d(i) = 267*i**3 - 20*i**2 - 5*i + 25. Let m(f) = 4*d(f) + 11*t(f). What is the tens digit of m(1)?
8
What is the units digit of (-11 - -2)*(13/(-156))/((-6)/(-41456))?
2
Suppose 294425 = 45*z - 334495. What is the tens digit of z?
7
Let r = 43404 - -10696. What is the thousands digit of r?
4
Let c(v) = v**3 + v**2 - 7*v + 12. Let y be c(2). What is the hundreds digit of ((-32)/(-10))/(y/1175)?
3
Let g = 207 - 195. What is the units digit of 20718/g*10/15?
1
Suppose 585398 + 38688 - 106262 = 58*o. What is the hundreds digit of o?
9
Let o = 966 - 400. Suppose -2*x + o = 118. What is the tens digit of x?
2
Let j = -364 + 373. Let p(u) = 4*u**3 - 11*u**2 - 87*u + 22. What is the tens digit of p(j)?
6
Let z be 1/3 + 760/(-12). Let x(r) = r**3 - 7*r**2 + r. Let u be x(6). Let l = u - z. What is the units digit of l?
3
Let x(r) = -8 - 9*r + 3*r**3 - 4*r**2 + 4*r + 10*r. What is the units digit of x(3)?
2
Let g = -45 - -48. Suppose -g*n - x = -385, 2*n + 266 = 4*n + 3*x. Let i = n + -94. What is the units digit of i?
3
Let p = 1911 - -1169. Suppose 38*v - p = 30*v. What is the hundreds digit of v?
3
Let u(w) = -415*w - 67. Let v = 762 - 764. What is the tens digit of u(v)?
6
Suppose 3*l - 99 = -3*w, -4*w + 2*w - 158 = -5*l. Suppose -20*k = -l*k + 504. What is the tens digit of k?
4
Suppose 0 = -22*j + 24*j - 72. Suppose -3*n = -2*g + j, 0 = 2*g - 7*g - n + 56. What is the tens digit of (91/42)/(-13) - (-1562)/g?
3
Let a = 2043 + 24274. What is the units digit of a?
7
Let h(o) = 11*o**2 - 1. Let v be h(-1). Suppose v = -s + 6*s. Suppose 2*y - 476 = 2*u - 5*u, 0 = u - s*y - 164. What is the h